{"id":290,"date":"2023-10-06T15:14:57","date_gmt":"2023-10-06T15:14:57","guid":{"rendered":"https:\/\/franconotaro-hair.ch\/equipe\/"},"modified":"2023-11-26T14:25:55","modified_gmt":"2023-11-26T14:25:55","slug":"team","status":"publish","type":"page","link":"https:\/\/franconotaro-hair.ch\/fr\/team\/","title":{"rendered":"Team"},"content":{"rendered":"<p>[et_pb_section fb_built=\u00a0\u00bb1&Prime; admin_label=\u00a0\u00bbAbout\u00a0\u00bb _builder_version=\u00a0\u00bb4.22.2&Prime; background_size=\u00a0\u00bbinitial\u00a0\u00bb background_repeat=\u00a0\u00bbrepeat\u00a0\u00bb custom_padding=\u00a0\u00bb||0px|||\u00a0\u00bb top_divider_style=\u00a0\u00bbarrow3&Prime; top_divider_color=\u00a0\u00bbrgba(244,242,239,0.64)\u00a0\u00bb top_divider_height=\u00a0\u00bb70%\u00a0\u00bb top_divider_repeat=\u00a0\u00bb4x\u00a0\u00bb top_divider_height_tablet=\u00a0\u00bb200px\u00a0\u00bb top_divider_height_phone=\u00a0\u00bb120px\u00a0\u00bb top_divider_height_last_edited=\u00a0\u00bbon|phone\u00a0\u00bb bottom_divider_color=\u00a0\u00bbrgba(255,255,255,0.7)\u00a0\u00bb bottom_divider_height=\u00a0\u00bb100%\u00a0\u00bb bottom_divider_repeat=\u00a0\u00bb2x\u00a0\u00bb animation_style=\u00a0\u00bbfade\u00a0\u00bb global_colors_info=\u00a0\u00bb{}\u00a0\u00bb][et_pb_row column_structure=\u00a0\u00bb1_2,1_2&Prime; custom_padding_last_edited=\u00a0\u00bbon|tablet\u00a0\u00bb admin_label=\u00a0\u00bbRow\u00a0\u00bb _builder_version=\u00a0\u00bb4.23&Prime; custom_padding_tablet=\u00a0\u00bb||0px||false|false\u00a0\u00bb custom_padding_phone=\u00a0\u00bb||0px||false|false\u00a0\u00bb global_colors_info=\u00a0\u00bb{}\u00a0\u00bb custom_css_main_element_last_edited=\u00a0\u00bbon|tablet\u00a0\u00bb custom_css_main_element_tablet=\u00a0\u00bbdisplay: flex; gap: 8px;\u00a0\u00bb custom_css_main_element_phone=\u00a0\u00bbdisplay: block;\u00a0\u00bb][et_pb_column type=\u00a0\u00bb1_2&Prime; _builder_version=\u00a0\u00bb4.16&Prime; custom_padding=\u00a0\u00bb|||\u00a0\u00bb global_colors_info=\u00a0\u00bb{}\u00a0\u00bb custom_padding__hover=\u00a0\u00bb|||\u00a0\u00bb][et_pb_image src=\u00a0\u00bbhttps:\/\/franconotaro-hair.ch\/wp-content\/uploads\/2023\/11\/franco-scaled.jpg\u00a0\u00bb title_text=\u00a0\u00bbfranco\u00a0\u00bb _builder_version=\u00a0\u00bb4.23.1&Prime; _module_preset=\u00a0\u00bbdefault\u00a0\u00bb hover_enabled=\u00a0\u00bb0&Prime; global_colors_info=\u00a0\u00bb{}\u00a0\u00bb sticky_enabled=\u00a0\u00bb0&Prime;][\/et_pb_image][\/et_pb_column][et_pb_column type=\u00a0\u00bb1_2&Prime; _builder_version=\u00a0\u00bb4.16&Prime; custom_padding=\u00a0\u00bb|||\u00a0\u00bb global_colors_info=\u00a0\u00bb{}\u00a0\u00bb custom_padding__hover=\u00a0\u00bb|||\u00a0\u00bb][et_pb_image src=\u00a0\u00bbhttps:\/\/franconotaro-hair.ch\/wp-content\/uploads\/2023\/11\/corinne-scaled.jpg\u00a0\u00bb title_text=\u00a0\u00bbcorinne\u00a0\u00bb _builder_version=\u00a0\u00bb4.23.1&Prime; _module_preset=\u00a0\u00bbdefault\u00a0\u00bb hover_enabled=\u00a0\u00bb0&Prime; global_colors_info=\u00a0\u00bb{}\u00a0\u00bb sticky_enabled=\u00a0\u00bb0&Prime;][\/et_pb_image][\/et_pb_column][\/et_pb_row][et_pb_row admin_label=\u00a0\u00bbRow\u00a0\u00bb _builder_version=\u00a0\u00bb4.16&Prime; global_colors_info=\u00a0\u00bb{}\u00a0\u00bb][et_pb_column type=\u00a0\u00bb4_4&Prime; _builder_version=\u00a0\u00bb4.16&Prime; custom_padding=\u00a0\u00bb|||\u00a0\u00bb global_colors_info=\u00a0\u00bb{}\u00a0\u00bb custom_padding__hover=\u00a0\u00bb|||\u00a0\u00bb][et_pb_text _builder_version=\u00a0\u00bb4.22.2&Prime; global_colors_info=\u00a0\u00bb{}\u00a0\u00bb]<\/p>\n<h3>Franco &amp; Corinne Notaro<\/h3>\n<p>Franco Notaro Hairstylist et son \u00e9quipe s&rsquo;inspirent de Milan, Paris, Londres et New York pour int\u00e9grer dans leur travail les impressions recueillies sur les cultures, les gens, les tendances et les traditions. \u00ab\u00a0Nous sommes constamment \u00e0 l&rsquo;aff\u00fbt des tendances et cr\u00e9ons des coiffures caract\u00e9ris\u00e9es par une grande pr\u00e9cision, mais qui peuvent \u00eatre facilement reproduites par le client\u00a0\u00bb.<\/p>\n<p>[\/et_pb_text][et_pb_text _builder_version=\u00a0\u00bb4.22.2&Prime; global_colors_info=\u00a0\u00bb{}\u00a0\u00bb]<\/p>\n<p>En 1985, Franco Notaro a fond\u00e9 sa boutique avec l&rsquo;objectif de toujours suivre les derni\u00e8res tendances et de soutenir ses clients dans leur singularit\u00e9 et leur style de vie ou de leur offrir une nouvelle exp\u00e9rience de coiffure gr\u00e2ce \u00e0 des conseils cibl\u00e9s et \u00e0 un excellent savoir-faire professionnel.<\/p>\n<p>[\/et_pb_text][\/et_pb_column][\/et_pb_row][et_pb_row column_structure=\u00a0\u00bb1_3,2_3&Prime; make_equal=\u00a0\u00bbon\u00a0\u00bb custom_padding_last_edited=\u00a0\u00bbon|tablet\u00a0\u00bb admin_label=\u00a0\u00bbRow\u00a0\u00bb _builder_version=\u00a0\u00bb4.23&Prime; custom_padding_tablet=\u00a0\u00bb0px||||false|false\u00a0\u00bb custom_padding_phone=\u00a0\u00bb0px||||false|false\u00a0\u00bb custom_css_main_element=\u00a0\u00bbalign-items: center;\u00a0\u00bb global_colors_info=\u00a0\u00bb{}\u00a0\u00bb][et_pb_column type=\u00a0\u00bb1_3&Prime; _builder_version=\u00a0\u00bb4.16&Prime; custom_padding=\u00a0\u00bb|||\u00a0\u00bb global_colors_info=\u00a0\u00bb{}\u00a0\u00bb custom_padding__hover=\u00a0\u00bb|||\u00a0\u00bb][et_pb_image src=\u00a0\u00bbhttps:\/\/franconotaro-hair.ch\/wp-content\/uploads\/2023\/11\/venera-scaled.jpg\u00a0\u00bb title_text=\u00a0\u00bbvenera\u00a0\u00bb show_bottom_space=\u00a0\u00bboff\u00a0\u00bb force_fullwidth=\u00a0\u00bbon\u00a0\u00bb align_tablet=\u00a0\u00bbcenter\u00a0\u00bb align_phone=\u00a0\u00bb\u00a0\u00bb align_last_edited=\u00a0\u00bbon|desktop\u00a0\u00bb _builder_version=\u00a0\u00bb4.23.1&Prime; custom_margin=\u00a0\u00bb16px||||false|false\u00a0\u00bb hover_enabled=\u00a0\u00bb0&Prime; global_colors_info=\u00a0\u00bb{}\u00a0\u00bb sticky_enabled=\u00a0\u00bb0&Prime;][\/et_pb_image][\/et_pb_column][et_pb_column type=\u00a0\u00bb2_3&Prime; _builder_version=\u00a0\u00bb4.16&Prime; custom_padding=\u00a0\u00bb|||\u00a0\u00bb global_colors_info=\u00a0\u00bb{}\u00a0\u00bb custom_padding__hover=\u00a0\u00bb|||\u00a0\u00bb][et_pb_text _builder_version=\u00a0\u00bb4.22.2&Prime; locked=\u00a0\u00bboff\u00a0\u00bb global_colors_info=\u00a0\u00bb{}\u00a0\u00bb]<\/p>\n<h3>Venera Sottile<\/h3>\n<p>\u00ab\u00a0En tant qu&rsquo;\u00e9quipe professionnelle autour de Franco Notaro, nous sommes guid\u00e9s par la recherche du m\u00e9tier parfait. Travailler chez Franco Notaro Hairstylist est toujours un d\u00e9fi positif. Le travail quotidien avec diff\u00e9rents clients rend chaque journ\u00e9e de travail vari\u00e9e et passionnante\u00a0\u00bb.<\/p>\n<p>\u00ab\u00a0Un lieu o\u00f9 l&rsquo;esprit d&rsquo;\u00e9quipe n&rsquo;est pas seulement affich\u00e9, mais v\u00e9cu &#8211; que peut-on souhaiter de plus ? Des personnes communicatives et sensibles font la bonne ambiance de travail dans un environnement moderne et ce sont elles qui rendent possible un travail aussi libre et cr\u00e9atif\u00a0\u00bb.<\/p>\n<p>[\/et_pb_text][\/et_pb_column][\/et_pb_row][et_pb_row column_structure=\u00a0\u00bb1_3,2_3&Prime; make_equal=\u00a0\u00bbon\u00a0\u00bb _builder_version=\u00a0\u00bb4.22.2&Prime; custom_padding=\u00a0\u00bb||54px||false|false\u00a0\u00bb custom_css_main_element=\u00a0\u00bbalign-items: center;\u00a0\u00bb locked=\u00a0\u00bboff\u00a0\u00bb global_colors_info=\u00a0\u00bb{}\u00a0\u00bb][et_pb_column type=\u00a0\u00bb1_3&Prime; _builder_version=\u00a0\u00bb4.16&Prime; global_colors_info=\u00a0\u00bb{}\u00a0\u00bb][et_pb_image src=\u00a0\u00bbhttps:\/\/franconotaro-hair.ch\/wp-content\/uploads\/2023\/11\/claudio.jpg\u00a0\u00bb title_text=\u00a0\u00bbclaudio\u00a0\u00bb _builder_version=\u00a0\u00bb4.23.1&Prime; _module_preset=\u00a0\u00bbdefault\u00a0\u00bb hover_enabled=\u00a0\u00bb0&Prime; global_colors_info=\u00a0\u00bb{}\u00a0\u00bb sticky_enabled=\u00a0\u00bb0&Prime;][\/et_pb_image][\/et_pb_column][et_pb_column type=\u00a0\u00bb2_3&Prime; _builder_version=\u00a0\u00bb4.16&Prime; global_colors_info=\u00a0\u00bb{}\u00a0\u00bb][et_pb_text _builder_version=\u00a0\u00bb4.22.2&Prime; locked=\u00a0\u00bboff\u00a0\u00bb global_colors_info=\u00a0\u00bb{}\u00a0\u00bb]<\/p>\n<h3>Claudio D&rsquo;Agostino<\/h3>\n<p>\u00ab\u00a0Toujours en mouvement\u00a0\u00bb, c&rsquo;est ce que ressent Claudio D&rsquo;Agostino Franco Notaro Hairstylist. \u00ab\u00a0Une \u00e9quipe formidable et la possibilit\u00e9 d&rsquo;\u00e9largir constamment son horizon personnel rendent le travail ici passionnant et vari\u00e9. Toujours \u00e0 la recherche d&rsquo;id\u00e9es nouvelles, cr\u00e9atives, voire non conventionnelles, nous vous attendons avec curiosit\u00e9\u00a0\u00bb.<\/p>\n<p>&nbsp;<\/p>\n<p>[\/et_pb_text][\/et_pb_column][\/et_pb_row][\/et_pb_section]<\/p>\n","protected":false},"excerpt":{"rendered":"<p>Franco &amp; Corinne Notaro Franco Notaro Hairstylist et son \u00e9quipe s&rsquo;inspirent de Milan, Paris, Londres et New York pour int\u00e9grer dans leur travail les impressions recueillies sur les cultures, les gens, les tendances et les traditions. \u00ab\u00a0Nous sommes constamment \u00e0 l&rsquo;aff\u00fbt des tendances et cr\u00e9ons des coiffures caract\u00e9ris\u00e9es par une grande pr\u00e9cision, mais qui peuvent [&hellip;]<\/p>\n","protected":false},"author":1,"featured_media":0,"parent":0,"menu_order":0,"comment_status":"closed","ping_status":"closed","template":"","meta":{"_acf_changed":false,"_et_pb_use_builder":"on","_et_pb_old_content":"","_et_gb_content_width":"","inline_featured_image":false,"footnotes":""},"class_list":["post-290","page","type-page","status-publish","hentry"],"acf":[],"_links":{"self":[{"href":"https:\/\/franconotaro-hair.ch\/fr\/wp-json\/wp\/v2\/pages\/290","targetHints":{"allow":["GET"]}}],"collection":[{"href":"https:\/\/franconotaro-hair.ch\/fr\/wp-json\/wp\/v2\/pages"}],"about":[{"href":"https:\/\/franconotaro-hair.ch\/fr\/wp-json\/wp\/v2\/types\/page"}],"author":[{"embeddable":true,"href":"https:\/\/franconotaro-hair.ch\/fr\/wp-json\/wp\/v2\/users\/1"}],"replies":[{"embeddable":true,"href":"https:\/\/franconotaro-hair.ch\/fr\/wp-json\/wp\/v2\/comments?post=290"}],"version-history":[{"count":13,"href":"https:\/\/franconotaro-hair.ch\/fr\/wp-json\/wp\/v2\/pages\/290\/revisions"}],"predecessor-version":[{"id":483,"href":"https:\/\/franconotaro-hair.ch\/fr\/wp-json\/wp\/v2\/pages\/290\/revisions\/483"}],"wp:attachment":[{"href":"https:\/\/franconotaro-hair.ch\/fr\/wp-json\/wp\/v2\/media?parent=290"}],"curies":[{"name":"wp","href":"https:\/\/api.w.org\/{rel}","templated":true}]}}

<p>[et_pb_section fb_built= »1&Prime; admin_label= »About » _builder_version= »4.22.2&Prime; background_size= »initial » background_repeat= »repeat » custom_padding= »||0px||| » top_divider_style= »arrow3&Prime; top_divider_color= »rgba(244,242,239,0.64) » top_divider_height= »70% » top_divider_repeat= »4x » top_divider_height_tablet= »200px » top_divider_height_phone= »120px » top_divider_height_last_edited= »on|phone » bottom_divider_color= »rgba(255,255,255,0.7) » bottom_divider_height= »100% » bottom_divider_repeat= »2x » animation_style= »fade » global_colors_info= »{} »][et_pb_row column_structure= »1_2,1_2&Prime; custom_padding_last_edited= »on|tablet » admin_label= »Row » _builder_version= »4.23&Prime; custom_padding_tablet= »||0px||false|false » custom_padding_phone= »||0px||false|false » global_colors_info= »{} » custom_css_main_element_last_edited= »on|tablet » custom_css_main_element_tablet= »display: flex; gap: 8px; » custom_css_main_element_phone= »display: block; »][et_pb_column type= »1_2&Prime; _builder_version= »4.16&Prime; custom_padding= »||| » global_colors_info= »{} » custom_padding__hover= »||| »][et_pb_image src= »https://franconotaro-hair.ch/wp-content/uploads/2023/11/franco-scaled.jpg » title_text= »franco » _builder_version= »4.23.1&Prime; _module_preset= »default » hover_enabled= »0&Prime; global_colors_info= »{} » sticky_enabled= »0&Prime;][/et_pb_image][/et_pb_column][et_pb_column type= »1_2&Prime; _builder_version= »4.16&Prime; custom_padding= »||| » global_colors_info= »{} » custom_padding__hover= »||| »][et_pb_image src= »https://franconotaro-hair.ch/wp-content/uploads/2023/11/corinne-scaled.jpg » title_text= »corinne » _builder_version= »4.23.1&Prime; _module_preset= »default » hover_enabled= »0&Prime; global_colors_info= »{} » sticky_enabled= »0&Prime;][/et_pb_image][/et_pb_column][/et_pb_row][et_pb_row admin_label= »Row » _builder_version= »4.16&Prime; global_colors_info= »{} »][et_pb_column type= »4_4&Prime; _builder_version= »4.16&Prime; custom_padding= »||| » global_colors_info= »{} » custom_padding__hover= »||| »][et_pb_text _builder_version= »4.22.2&Prime; global_colors_info= »{} »]</p>
<h3>Franco &amp; Corinne Notaro</h3>
<p>Franco Notaro Hairstylist et son équipe s&rsquo;inspirent de Milan, Paris, Londres et New York pour intégrer dans leur travail les impressions recueillies sur les cultures, les gens, les tendances et les traditions. « Nous sommes constamment à l&rsquo;affût des tendances et créons des coiffures caractérisées par une grande précision, mais qui peuvent être facilement reproduites par le client ».</p>
<p>[/et_pb_text][et_pb_text _builder_version= »4.22.2&Prime; global_colors_info= »{} »]</p>
<p>En 1985, Franco Notaro a fondé sa boutique avec l&rsquo;objectif de toujours suivre les dernières tendances et de soutenir ses clients dans leur singularité et leur style de vie ou de leur offrir une nouvelle expérience de coiffure grâce à des conseils ciblés et à un excellent savoir-faire professionnel.</p>
<p>[/et_pb_text][/et_pb_column][/et_pb_row][et_pb_row column_structure= »1_3,2_3&Prime; make_equal= »on » custom_padding_last_edited= »on|tablet » admin_label= »Row » _builder_version= »4.23&Prime; custom_padding_tablet= »0px||||false|false » custom_padding_phone= »0px||||false|false » custom_css_main_element= »align-items: center; » global_colors_info= »{} »][et_pb_column type= »1_3&Prime; _builder_version= »4.16&Prime; custom_padding= »||| » global_colors_info= »{} » custom_padding__hover= »||| »][et_pb_image src= »https://franconotaro-hair.ch/wp-content/uploads/2023/11/venera-scaled.jpg » title_text= »venera » show_bottom_space= »off » force_fullwidth= »on » align_tablet= »center » align_phone= » » align_last_edited= »on|desktop » _builder_version= »4.23.1&Prime; custom_margin= »16px||||false|false » hover_enabled= »0&Prime; global_colors_info= »{} » sticky_enabled= »0&Prime;][/et_pb_image][/et_pb_column][et_pb_column type= »2_3&Prime; _builder_version= »4.16&Prime; custom_padding= »||| » global_colors_info= »{} » custom_padding__hover= »||| »][et_pb_text _builder_version= »4.22.2&Prime; locked= »off » global_colors_info= »{} »]</p>
<h3>Venera Sottile</h3>
<p>« En tant qu&rsquo;équipe professionnelle autour de Franco Notaro, nous sommes guidés par la recherche du métier parfait. Travailler chez Franco Notaro Hairstylist est toujours un défi positif. Le travail quotidien avec différents clients rend chaque journée de travail variée et passionnante ».</p>
<p>« Un lieu où l&rsquo;esprit d&rsquo;équipe n&rsquo;est pas seulement affiché, mais vécu &#8211; que peut-on souhaiter de plus ? Des personnes communicatives et sensibles font la bonne ambiance de travail dans un environnement moderne et ce sont elles qui rendent possible un travail aussi libre et créatif ».</p>
<p>[/et_pb_text][/et_pb_column][/et_pb_row][et_pb_row column_structure= »1_3,2_3&Prime; make_equal= »on » _builder_version= »4.22.2&Prime; custom_padding= »||54px||false|false » custom_css_main_element= »align-items: center; » locked= »off » global_colors_info= »{} »][et_pb_column type= »1_3&Prime; _builder_version= »4.16&Prime; global_colors_info= »{} »][et_pb_image src= »https://franconotaro-hair.ch/wp-content/uploads/2023/11/claudio.jpg » title_text= »claudio » _builder_version= »4.23.1&Prime; _module_preset= »default » hover_enabled= »0&Prime; global_colors_info= »{} » sticky_enabled= »0&Prime;][/et_pb_image][/et_pb_column][et_pb_column type= »2_3&Prime; _builder_version= »4.16&Prime; global_colors_info= »{} »][et_pb_text _builder_version= »4.22.2&Prime; locked= »off » global_colors_info= »{} »]</p>
<h3>Claudio D&rsquo;Agostino</h3>
<p>« Toujours en mouvement », c&rsquo;est ce que ressent Claudio D&rsquo;Agostino Franco Notaro Hairstylist. « Une équipe formidable et la possibilité d&rsquo;élargir constamment son horizon personnel rendent le travail ici passionnant et varié. Toujours à la recherche d&rsquo;idées nouvelles, créatives, voire non conventionnelles, nous vous attendons avec curiosité ».</p>
<p>&nbsp;</p>
<p>[/et_pb_text][/et_pb_column][/et_pb_row][/et_pb_section]</p>

<p>Franco &amp; Corinne Notaro Franco Notaro Hairstylist et son équipe s&rsquo;inspirent de Milan, Paris, Londres et New York pour intégrer dans leur travail les impressions recueillies sur les cultures, les gens, les tendances et les traditions. « Nous sommes constamment à l&rsquo;affût des tendances et créons des coiffures caractérisées par une grande précision, mais qui peuvent [&hellip;]</p>
